NOAA-style Climate Reports

Select a Year or Month report
V/Λ2020 > Jan Feb Mar Apr May Jun Jul Aug Sep Oct Nov Dec
V/Λ2019 > Jan Feb Mar Apr May Jun Jul Aug Sep Oct Nov Dec
V/Λ2018 > Jan Feb Mar Apr May Jun Jul Aug Sep Oct Nov Dec

Report for 2020 Jul
                   Monthly Climatological Summary for Jul 2020

Name: NCI Rossall Point   City: Fleetwood   State: Lancashire. uk
Elevation: 17 m  Lat: N 53 55' 33"   Lon: W 003 02' 07"

                  Temperature (C), Rain (mm), Wind Speed (kts)

                                      Heat  Cool        Avg
    Mean                              Deg   Deg         Wind                 Dom
Day Temp  High   Time   Low    Time   Days  Days  Rain  Speed High   Time    Dir
----------------------------------------------------------------------------------
 1  14.3  15.4   18:32  12.4   06:42   4.0   0.0  96.6   0.0   0.9   11:46     W
 2  13.6  14.3   05:51  12.1   10:16   4.7   0.0   7.2   0.0   0.0   10:00   ---
 3  14.6  14.8   12:11  13.7   10:00   3.7   0.0 716.6   0.0   0.0   10:00   ---
 4  14.6  15.1   05:43  13.3   07:50   3.7   0.0 291.8   0.0   0.0   10:00   ---
 5  14.2  15.7   17:09  11.9   23:28   4.1   0.0   0.8   0.0   0.0   10:00   ---
 6  14.3  15.3   17:36  13.1   20:24   4.0   0.0   0.0   0.0   0.0   10:00   ---
 7  12.8  15.1   09:57  11.9   22:55   5.5   0.0   1.4   0.0   0.0   10:00   ---
 8  14.4  18.1   13:57  12.3   05:31   3.9   0.0  10.4   0.0   0.9   12:51   SSW
 9  14.1  15.4   22:01  12.9   08:14   4.2   0.0   0.0   0.0   0.0   10:00   ---
10  14.2  15.2   17:21  12.9   03:29   4.1   0.0   0.2   0.0   0.0   10:00   ---
11  14.0  15.9   09:53  10.6   05:14   4.3   0.0   0.0   0.0   0.0   10:00   ---
----------------------------------------------------------------------------------
    14.1  18.1     8    10.6    11    46.2   0.01125.0   0.0   0.9     1     ---

Max >=  27.0:  0
Max <=   0.0:  0
Min <=   0.0:  0
Min <= -18.0:  0
Max Rain: 716.6 on day 3
Days of Rain: 8 (>= 0.2 mm)  5 (>= 2.0 mm)  3 (>= 20.0 mm)
Heat Base: 18.3  Cool Base: 18.3  Method: Integration