NOAA-style Climate Reports

Select a Year or Month report
V/Λ2021 > Jan Feb Mar Apr May Jun Jul Aug Sep Oct Nov Dec
V/Λ2020 > Jan Feb Mar Apr May Jun Jul Aug Sep Oct Nov Dec
V/Λ2019 > Jan Feb Mar Apr May Jun Jul Aug Sep Oct Nov Dec
V/Λ2018 > Jan Feb Mar Apr May Jun Jul Aug Sep Oct Nov Dec

Report for 2021 Jun
                   Monthly Climatological Summary for Jun 2021

Name: NCI Rossall Point   City: Fleetwood   State: Lancashire. uk
Elevation: 17 m  Lat: N 53 55' 33"   Lon: W 003 02' 07"

                  Temperature (C), Rain (mm), Wind Speed (kts)

                                      Heat  Cool        Avg
    Mean                              Deg   Deg         Wind                 Dom
Day Temp  High   Time   Low    Time   Days  Days  Rain  Speed High   Time    Dir
----------------------------------------------------------------------------------
 1   0.0   0.0   10:00   0.0   10:00  18.3   0.0   0.0   6.7  20.9   09:14    SE
 2   0.0   0.0   10:00   0.0   10:00  18.3   0.0   0.0   9.4  27.0   14:53    SE
 3   0.0   0.0   10:00   0.0   10:00  18.3   0.0   0.0   9.9  20.0   01:41     W
 4   0.0   0.0   10:00   0.0   10:00  18.3   0.0   0.0   4.1  11.3   10:09    NW
 5  14.9  18.1   12:54   0.0   10:00   5.2   0.0   0.0   6.9  13.0   02:23   WNW
 6  14.7  17.2   08:47  13.1   05:02   3.6   0.0   0.0   6.5  14.8   14:18   WNW
 7  14.6  16.9   10:43  10.9   04:27   3.7   0.0   0.0   8.0  20.9   00:36   WSW
 8  15.7  16.9   09:28  14.4   02:42   2.6   0.0   0.0   5.5  18.3   09:46    SW
 9  17.0  19.2   15:05  15.2   04:50   1.4   0.1   0.0  11.3  21.7   17:05    SW
10  17.2  20.1   13:18  14.8   09:51   1.3   0.2   0.0  19.2  42.6   05:11    SW
11  14.8  16.1   21:33  13.3   06:34   3.5   0.0   0.0  15.3  29.6   10:01     W
12  14.8  17.4   09:59  13.4   10:05   3.5   0.0   0.0   9.7  20.0   10:08     W
----------------------------------------------------------------------------------
    10.3  20.1    10     0.0     1    98.0   0.3   0.0   9.4  42.6    10     WSW

Max >=  27.0:  0
Max <=   0.0:  4
Min <=   0.0:  5
Min <= -18.0:  0
Max Rain: 0.0 on day 0
Days of Rain: 0 (>= 0.2 mm)  0 (>= 2.0 mm)  0 (>= 20.0 mm)
Heat Base: 18.3  Cool Base: 18.3  Method: Integration